{"id":377,"date":"2024-07-12T19:28:36","date_gmt":"2024-07-12T22:28:36","guid":{"rendered":"https:\/\/urutaudev.com.br\/?page_id=377"},"modified":"2025-04-12T21:18:15","modified_gmt":"2025-04-13T00:18:15","slug":"games","status":"publish","type":"page","link":"https:\/\/urutaudev.com.br\/index.php\/games\/","title":{"rendered":"Games"},"content":{"rendered":"<h1><span style=\"font-size: 36pt; font-family: arial, helvetica, sans-serif;\">Games<\/span><\/h1>\n<p>&nbsp;<\/p>\n<p><span style=\"font-size: 14pt; font-family: arial, helvetica, sans-serif;\">Est\u00e1 p\u00e1gina cont\u00e9m os Games que foram implementados durante os tutoriais de <a href=\"https:\/\/urutaudev.com.br\/index.php\/category\/tutorias\/javascript\/\">Javascript<\/a>, Godot, Unit e <a href=\"https:\/\/urutaudev.com.br\/index.php\/category\/tutorias\/java\/\">Java<\/a> deste site.<\/span><\/p>\n<p><span style=\"font-size: 14pt; font-family: arial, helvetica, sans-serif;\">Os Games (Jogos) foram implementados com intuito de melhorar minhas habilidades em programa\u00e7\u00e3o, caso voc\u00ea queira verificar o c\u00f3digo de cada game exibido aqui, basta procurar na se\u00e7\u00e3o <a href=\"https:\/\/urutaudev.com.br\/index.php\/category\/tutorias\/\">tutorias<\/a> deste site.<\/span><\/p>\n<p>&nbsp;<\/p>\n<p>&nbsp;<\/p>\n<table style=\"border-collapse: collapse; width: 100%;\">\n<tbody>\n<tr>\n<td style=\"width: 33.3333%; text-align: center;\"><span style=\"font-family: arial, helvetica, sans-serif; font-size: 12pt;\"><strong><a href=\"https:\/\/urutaudev.com.br\/games\/jogo-da-velha-neon\/\">Jogo da Velha Neon<\/a><\/strong><\/span><\/p>\n<p><img loading=\"lazy\" decoding=\"async\" class=\"alignnone wp-image-382\" src=\"https:\/\/urutaudev.com.br\/wp-content\/uploads\/2024\/07\/jogo-da-velha-300x286.jpg\" alt=\"games Jogo da velha\" width=\"168\" height=\"160\" srcset=\"https:\/\/urutaudev.com.br\/wp-content\/uploads\/2024\/07\/jogo-da-velha-300x286.jpg 300w, https:\/\/urutaudev.com.br\/wp-content\/uploads\/2024\/07\/jogo-da-velha.jpg 689w\" sizes=\"auto, (max-width: 168px) 100vw, 168px\" \/><\/p>\n<p>&nbsp;<\/td>\n<td style=\"width: 33.3333%; text-align: center;\"><strong><span style=\"font-size: 12pt; font-family: arial, helvetica, sans-serif;\"><a href=\"https:\/\/urutaudev.com.br\/games\/arkanoid\/\">Arkanoid Game<\/a><\/span><\/strong><\/p>\n<p><img loading=\"lazy\" decoding=\"async\" class=\"alignnone wp-image-680\" src=\"https:\/\/urutaudev.com.br\/wp-content\/uploads\/2024\/10\/Como-fazer-Arkanoid-Game-em-Javascript-e1728333965687-300x255.jpeg\" alt=\"Como fazer Arkanoid Game em Javascript\" width=\"188\" height=\"160\" \/><\/p>\n<h4><\/h4>\n<\/td>\n<td style=\"width: 33.3333%; text-align: center;\"><strong><span style=\"font-size: 12pt; font-family: arial, helvetica, sans-serif;\"><a href=\"https:\/\/urutaudev.com.br\/games\/sokoban\/\">Sokoban Game<\/a><\/span><\/strong><\/p>\n<p><img loading=\"lazy\" decoding=\"async\" class=\"alignnone wp-image-701\" src=\"https:\/\/urutaudev.com.br\/wp-content\/uploads\/2024\/10\/sokoban-300x300.jpeg\" alt=\"Sokoban game\" width=\"160\" height=\"160\" srcset=\"https:\/\/urutaudev.com.br\/wp-content\/uploads\/2024\/10\/sokoban-300x300.jpeg 300w, https:\/\/urutaudev.com.br\/wp-content\/uploads\/2024\/10\/sokoban-150x150.jpeg 150w, https:\/\/urutaudev.com.br\/wp-content\/uploads\/2024\/10\/sokoban-768x768.jpeg 768w, https:\/\/urutaudev.com.br\/wp-content\/uploads\/2024\/10\/sokoban.jpeg 1024w\" sizes=\"auto, (max-width: 160px) 100vw, 160px\" \/><\/p>\n<h4><\/h4>\n<\/td>\n<\/tr>\n<tr>\n<td style=\"width: 33.3333%; text-align: center;\"><span style=\"font-family: arial, helvetica, sans-serif; font-size: 12pt;\"><strong><a href=\"https:\/\/urutaudev.com.br\/games\/matrix-invaders\/\">Jogo da Matrix Invaders<\/a><\/strong><\/span><\/p>\n<p><img loading=\"lazy\" decoding=\"async\" class=\"wp-image-810\" src=\"https:\/\/urutaudev.com.br\/wp-content\/uploads\/2025\/04\/matrix-digital-invaders2-e1744499587197-300x195.png\" alt=\"matrix-invaders\" width=\"247\" height=\"160\" srcset=\"https:\/\/urutaudev.com.br\/wp-content\/uploads\/2025\/04\/matrix-digital-invaders2-e1744499587197-300x195.png 300w, https:\/\/urutaudev.com.br\/wp-content\/uploads\/2025\/04\/matrix-digital-invaders2-e1744499587197-768x500.png 768w, https:\/\/urutaudev.com.br\/wp-content\/uploads\/2025\/04\/matrix-digital-invaders2-e1744499587197.png 868w\" sizes=\"auto, (max-width: 247px) 100vw, 247px\" \/><\/p>\n<p>&nbsp;<\/td>\n<td style=\"width: 33.3333%; text-align: center;\"><strong><span style=\"font-size: 12pt; font-family: arial, helvetica, sans-serif;\"><a href=\"https:\/\/urutaudev.com.br\/games\/arkanoid\/\">Game<\/a><\/span><\/strong><\/p>\n<p>&nbsp;<\/p>\n<h4><\/h4>\n<\/td>\n<td style=\"width: 33.3333%; text-align: center;\"><strong><span style=\"font-size: 12pt; font-family: arial, helvetica, sans-serif;\"><a href=\"https:\/\/urutaudev.com.br\/games\/sokoban\/\">\u00a0Game<\/a><\/span><\/strong><\/p>\n<p>&nbsp;<\/p>\n<h4><\/h4>\n<\/td>\n<\/tr>\n<\/tbody>\n<\/table>\n<p>&nbsp;<\/p>\n<p>&nbsp;<\/p>\n<p>&nbsp;<\/p>\n<h2>Refer\u00eancias:<\/h2>\n<p><a href=\"https:\/\/godotengine.org\">https:\/\/godotengine.org<\/a><\/p>\n<p>&nbsp;<\/p>\n<p>&nbsp;<\/p>\n<p>&nbsp;<\/p>\n","protected":false},"excerpt":{"rendered":"<p>Games &nbsp; Est\u00e1 p\u00e1gina cont\u00e9m os Games que foram implementados durante os tutoriais de Javascript, Godot, Unit e Java deste<\/p>\n","protected":false},"author":1,"featured_media":0,"parent":0,"menu_order":0,"comment_status":"closed","ping_status":"closed","template":"","meta":{"colormag_page_container_layout":"default_layout","colormag_page_sidebar_layout":"default_layout","footnotes":""},"class_list":["post-377","page","type-page","status-publish","hentry"],"yoast_head":"<!-- This site is optimized with the Yoast SEO plugin v27.5 - https:\/\/yoast.com\/product\/yoast-seo-wordpress\/ -->\n<title>Games - UrutauDev<\/title>\n<meta name=\"description\" content=\"P\u00e1gina que cont\u00e9m Games feitos em Javascript, Godot, Unit e Java. O jogos foram implementados durante os tutorias deste site.\" \/>\n<meta name=\"robots\" content=\"index, follow, max-snippet:-1, max-image-preview:large, max-video-preview:-1\" \/>\n<link rel=\"canonical\" href=\"https:\/\/urutaudev.com.br\/index.php\/games\/\" \/>\n<meta property=\"og:locale\" content=\"en_US\" \/>\n<meta property=\"og:type\" content=\"article\" \/>\n<meta property=\"og:title\" content=\"Games - UrutauDev\" \/>\n<meta property=\"og:description\" content=\"P\u00e1gina que cont\u00e9m Games feitos em Javascript, Godot, Unit e Java. O jogos foram implementados durante os tutorias deste site.\" \/>\n<meta property=\"og:url\" content=\"https:\/\/urutaudev.com.br\/index.php\/games\/\" \/>\n<meta property=\"og:site_name\" content=\"UrutauDev\" \/>\n<meta property=\"article:modified_time\" content=\"2025-04-13T00:18:15+00:00\" \/>\n<meta property=\"og:image\" content=\"https:\/\/urutaudev.com.br\/wp-content\/uploads\/2024\/07\/jogo-da-velha.jpg\" \/>\n\t<meta property=\"og:image:width\" content=\"689\" \/>\n\t<meta property=\"og:image:height\" content=\"656\" \/>\n\t<meta property=\"og:image:type\" content=\"image\/jpeg\" \/>\n<meta name=\"twitter:card\" content=\"summary_large_image\" \/>\n<meta name=\"twitter:label1\" content=\"Est. reading time\" \/>\n\t<meta name=\"twitter:data1\" content=\"2 minutes\" \/>\n<script type=\"application\/ld+json\" class=\"yoast-schema-graph\">{\"@context\":\"https:\\\/\\\/schema.org\",\"@graph\":[{\"@type\":\"WebPage\",\"@id\":\"https:\\\/\\\/urutaudev.com.br\\\/index.php\\\/games\\\/\",\"url\":\"https:\\\/\\\/urutaudev.com.br\\\/index.php\\\/games\\\/\",\"name\":\"Games - UrutauDev\",\"isPartOf\":{\"@id\":\"https:\\\/\\\/urutaudev.com.br\\\/#website\"},\"primaryImageOfPage\":{\"@id\":\"https:\\\/\\\/urutaudev.com.br\\\/index.php\\\/games\\\/#primaryimage\"},\"image\":{\"@id\":\"https:\\\/\\\/urutaudev.com.br\\\/index.php\\\/games\\\/#primaryimage\"},\"thumbnailUrl\":\"https:\\\/\\\/urutaudev.com.br\\\/wp-content\\\/uploads\\\/2024\\\/07\\\/jogo-da-velha-300x286.jpg\",\"datePublished\":\"2024-07-12T22:28:36+00:00\",\"dateModified\":\"2025-04-13T00:18:15+00:00\",\"description\":\"P\u00e1gina que cont\u00e9m Games feitos em Javascript, Godot, Unit e Java. O jogos foram implementados durante os tutorias deste site.\",\"breadcrumb\":{\"@id\":\"https:\\\/\\\/urutaudev.com.br\\\/index.php\\\/games\\\/#breadcrumb\"},\"inLanguage\":\"en-US\",\"potentialAction\":[{\"@type\":\"ReadAction\",\"target\":[\"https:\\\/\\\/urutaudev.com.br\\\/index.php\\\/games\\\/\"]}]},{\"@type\":\"ImageObject\",\"inLanguage\":\"en-US\",\"@id\":\"https:\\\/\\\/urutaudev.com.br\\\/index.php\\\/games\\\/#primaryimage\",\"url\":\"https:\\\/\\\/urutaudev.com.br\\\/wp-content\\\/uploads\\\/2024\\\/07\\\/jogo-da-velha.jpg\",\"contentUrl\":\"https:\\\/\\\/urutaudev.com.br\\\/wp-content\\\/uploads\\\/2024\\\/07\\\/jogo-da-velha.jpg\",\"width\":689,\"height\":656,\"caption\":\"games Jogo da velha\"},{\"@type\":\"BreadcrumbList\",\"@id\":\"https:\\\/\\\/urutaudev.com.br\\\/index.php\\\/games\\\/#breadcrumb\",\"itemListElement\":[{\"@type\":\"ListItem\",\"position\":1,\"name\":\"In\u00edcio\",\"item\":\"https:\\\/\\\/urutaudev.com.br\\\/\"},{\"@type\":\"ListItem\",\"position\":2,\"name\":\"Games\"}]},{\"@type\":\"WebSite\",\"@id\":\"https:\\\/\\\/urutaudev.com.br\\\/#website\",\"url\":\"https:\\\/\\\/urutaudev.com.br\\\/\",\"name\":\"UrutauDev\",\"description\":\"\",\"publisher\":{\"@id\":\"https:\\\/\\\/urutaudev.com.br\\\/#organization\"},\"potentialAction\":[{\"@type\":\"SearchAction\",\"target\":{\"@type\":\"EntryPoint\",\"urlTemplate\":\"https:\\\/\\\/urutaudev.com.br\\\/?s={search_term_string}\"},\"query-input\":{\"@type\":\"PropertyValueSpecification\",\"valueRequired\":true,\"valueName\":\"search_term_string\"}}],\"inLanguage\":\"en-US\"},{\"@type\":\"Organization\",\"@id\":\"https:\\\/\\\/urutaudev.com.br\\\/#organization\",\"name\":\"UrutauDev\",\"url\":\"https:\\\/\\\/urutaudev.com.br\\\/\",\"logo\":{\"@type\":\"ImageObject\",\"inLanguage\":\"en-US\",\"@id\":\"https:\\\/\\\/urutaudev.com.br\\\/#\\\/schema\\\/logo\\\/image\\\/\",\"url\":\"https:\\\/\\\/urutaudev.com.br\\\/wp-content\\\/uploads\\\/2023\\\/08\\\/cropped-urutau-dev-logo.png\",\"contentUrl\":\"https:\\\/\\\/urutaudev.com.br\\\/wp-content\\\/uploads\\\/2023\\\/08\\\/cropped-urutau-dev-logo.png\",\"width\":100,\"height\":84,\"caption\":\"UrutauDev\"},\"image\":{\"@id\":\"https:\\\/\\\/urutaudev.com.br\\\/#\\\/schema\\\/logo\\\/image\\\/\"}}]}<\/script>\n<!-- \/ Yoast SEO plugin. -->","yoast_head_json":{"title":"Games - UrutauDev","description":"P\u00e1gina que cont\u00e9m Games feitos em Javascript, Godot, Unit e Java. O jogos foram implementados durante os tutorias deste site.","robots":{"index":"index","follow":"follow","max-snippet":"max-snippet:-1","max-image-preview":"max-image-preview:large","max-video-preview":"max-video-preview:-1"},"canonical":"https:\/\/urutaudev.com.br\/index.php\/games\/","og_locale":"en_US","og_type":"article","og_title":"Games - UrutauDev","og_description":"P\u00e1gina que cont\u00e9m Games feitos em Javascript, Godot, Unit e Java. O jogos foram implementados durante os tutorias deste site.","og_url":"https:\/\/urutaudev.com.br\/index.php\/games\/","og_site_name":"UrutauDev","article_modified_time":"2025-04-13T00:18:15+00:00","og_image":[{"width":689,"height":656,"url":"https:\/\/urutaudev.com.br\/wp-content\/uploads\/2024\/07\/jogo-da-velha.jpg","type":"image\/jpeg"}],"twitter_card":"summary_large_image","twitter_misc":{"Est. reading time":"2 minutes"},"schema":{"@context":"https:\/\/schema.org","@graph":[{"@type":"WebPage","@id":"https:\/\/urutaudev.com.br\/index.php\/games\/","url":"https:\/\/urutaudev.com.br\/index.php\/games\/","name":"Games - UrutauDev","isPartOf":{"@id":"https:\/\/urutaudev.com.br\/#website"},"primaryImageOfPage":{"@id":"https:\/\/urutaudev.com.br\/index.php\/games\/#primaryimage"},"image":{"@id":"https:\/\/urutaudev.com.br\/index.php\/games\/#primaryimage"},"thumbnailUrl":"https:\/\/urutaudev.com.br\/wp-content\/uploads\/2024\/07\/jogo-da-velha-300x286.jpg","datePublished":"2024-07-12T22:28:36+00:00","dateModified":"2025-04-13T00:18:15+00:00","description":"P\u00e1gina que cont\u00e9m Games feitos em Javascript, Godot, Unit e Java. O jogos foram implementados durante os tutorias deste site.","breadcrumb":{"@id":"https:\/\/urutaudev.com.br\/index.php\/games\/#breadcrumb"},"inLanguage":"en-US","potentialAction":[{"@type":"ReadAction","target":["https:\/\/urutaudev.com.br\/index.php\/games\/"]}]},{"@type":"ImageObject","inLanguage":"en-US","@id":"https:\/\/urutaudev.com.br\/index.php\/games\/#primaryimage","url":"https:\/\/urutaudev.com.br\/wp-content\/uploads\/2024\/07\/jogo-da-velha.jpg","contentUrl":"https:\/\/urutaudev.com.br\/wp-content\/uploads\/2024\/07\/jogo-da-velha.jpg","width":689,"height":656,"caption":"games Jogo da velha"},{"@type":"BreadcrumbList","@id":"https:\/\/urutaudev.com.br\/index.php\/games\/#breadcrumb","itemListElement":[{"@type":"ListItem","position":1,"name":"In\u00edcio","item":"https:\/\/urutaudev.com.br\/"},{"@type":"ListItem","position":2,"name":"Games"}]},{"@type":"WebSite","@id":"https:\/\/urutaudev.com.br\/#website","url":"https:\/\/urutaudev.com.br\/","name":"UrutauDev","description":"","publisher":{"@id":"https:\/\/urutaudev.com.br\/#organization"},"potentialAction":[{"@type":"SearchAction","target":{"@type":"EntryPoint","urlTemplate":"https:\/\/urutaudev.com.br\/?s={search_term_string}"},"query-input":{"@type":"PropertyValueSpecification","valueRequired":true,"valueName":"search_term_string"}}],"inLanguage":"en-US"},{"@type":"Organization","@id":"https:\/\/urutaudev.com.br\/#organization","name":"UrutauDev","url":"https:\/\/urutaudev.com.br\/","logo":{"@type":"ImageObject","inLanguage":"en-US","@id":"https:\/\/urutaudev.com.br\/#\/schema\/logo\/image\/","url":"https:\/\/urutaudev.com.br\/wp-content\/uploads\/2023\/08\/cropped-urutau-dev-logo.png","contentUrl":"https:\/\/urutaudev.com.br\/wp-content\/uploads\/2023\/08\/cropped-urutau-dev-logo.png","width":100,"height":84,"caption":"UrutauDev"},"image":{"@id":"https:\/\/urutaudev.com.br\/#\/schema\/logo\/image\/"}}]}},"_links":{"self":[{"href":"https:\/\/urutaudev.com.br\/index.php\/wp-json\/wp\/v2\/pages\/377","targetHints":{"allow":["GET"]}}],"collection":[{"href":"https:\/\/urutaudev.com.br\/index.php\/wp-json\/wp\/v2\/pages"}],"about":[{"href":"https:\/\/urutaudev.com.br\/index.php\/wp-json\/wp\/v2\/types\/page"}],"author":[{"embeddable":true,"href":"https:\/\/urutaudev.com.br\/index.php\/wp-json\/wp\/v2\/users\/1"}],"replies":[{"embeddable":true,"href":"https:\/\/urutaudev.com.br\/index.php\/wp-json\/wp\/v2\/comments?post=377"}],"version-history":[{"count":14,"href":"https:\/\/urutaudev.com.br\/index.php\/wp-json\/wp\/v2\/pages\/377\/revisions"}],"predecessor-version":[{"id":814,"href":"https:\/\/urutaudev.com.br\/index.php\/wp-json\/wp\/v2\/pages\/377\/revisions\/814"}],"wp:attachment":[{"href":"https:\/\/urutaudev.com.br\/index.php\/wp-json\/wp\/v2\/media?parent=377"}],"curies":[{"name":"wp","href":"https:\/\/api.w.org\/{rel}","templated":true}]}}